{"id":162,"date":"2013-06-13T16:36:06","date_gmt":"2013-06-13T14:36:06","guid":{"rendered":"http:\/\/stiftung-schiefertafel.de\/?page_id=162"},"modified":"2026-03-15T13:13:41","modified_gmt":"2026-03-15T11:13:41","slug":"projekte-2","status":"publish","type":"page","link":"http:\/\/stiftung-schiefertafel.de\/?page_id=162","title":{"rendered":"Projekte"},"content":{"rendered":"\t\t<div data-elementor-type=\"wp-page\" data-elementor-id=\"162\" class=\"elementor elementor-162\">\n\t\t\t\t\t\t\t\t\t<section class=\"elementor-section elementor-top-section elementor-element elementor-element-7f5ae6be elementor-section-boxed elementor-section-height-default elementor-section-height-default\" data-id=\"7f5ae6be\" data-element_type=\"section\">\n\t\t\t\t\t\t<div class=\"elementor-container elementor-column-gap-default\">\n\t\t\t\t\t<div class=\"elementor-column elementor-col-100 elementor-top-column elementor-element elementor-element-4dbb60ab\" data-id=\"4dbb60ab\" data-element_type=\"column\">\n\t\t\t<div class=\"elementor-widget-wrap elementor-element-populated\">\n\t\t\t\t\t\t\t\t<div class=\"elementor-element elementor-element-51e9d7ae elementor-widget elementor-widget-text-editor\" data-id=\"51e9d7ae\" data-element_type=\"widget\" data-widget_type=\"text-editor.default\">\n\t\t\t\t<div class=\"elementor-widget-container\">\n\t\t\t<style>\/*! elementor - v3.17.0 - 08-11-2023 *\/\n.elementor-widget-text-editor.elementor-drop-cap-view-stacked .elementor-drop-cap{background-color:#69727d;color:#fff}.elementor-widget-text-editor.elementor-drop-cap-view-framed .elementor-drop-cap{color:#69727d;border:3px solid;background-color:transparent}.elementor-widget-text-editor:not(.elementor-drop-cap-view-default) .elementor-drop-cap{margin-top:8px}.elementor-widget-text-editor:not(.elementor-drop-cap-view-default) .elementor-drop-cap-letter{width:1em;height:1em}.elementor-widget-text-editor .elementor-drop-cap{float:left;text-align:center;line-height:1;font-size:50px}.elementor-widget-text-editor .elementor-drop-cap-letter{display:inline-block}<\/style>\t\t\t\t<p class=\"MsoNormal\" style=\"margin: 0cm; font-size: medium; font-family: Calibri, sans-serif; caret-color: #000000; color: #000000;\"><b><span style=\"font-family: Roboto;\">Projekte im Jahr 2022<\/span><\/b><\/p>\n<p class=\"MsoNormal\" style=\"margin: 0cm; font-size: medium; font-family: Calibri, sans-serif; caret-color: #000000; color: #000000;\"><u><span style=\"font-family: Roboto;\">Weiterbildung zum \u00dcbungsleiter&nbsp;<\/span><\/u><u><\/u><\/p>\n<p class=\"MsoNormal\" style=\"margin: 0cm; font-size: medium; font-family: Calibri, sans-serif; caret-color: #000000; color: #000000;\"><span style=\"font-family: Roboto;\">Achtsamkeits- und Kinderyogakurse sind in aller Munde und erfahren zur Zeit eine gro\u00dfe Beliebtheit. Auch wir konnten nun einer Anfrage nachgehen und dem SV Blau-Wei\u00df Empor Wanzleben durch finanzielle Unterst\u00fctzung die Einrichtung solcher Kurse erm\u00f6glichen. So konnte durch unseren Beitrag die Aus- und Weiterbildung der \u00dcbungsleiter \u00fcbernommen sowie das ben\u00f6tigte Kursmaterial erworben werden.<\/span><\/p>\n<p class=\"MsoNormal\" style=\"margin: 0cm; font-size: medium; font-family: Calibri, sans-serif; caret-color: #000000; color: #000000;\"><u><span style=\"font-family: Roboto;\">Therapeutisches Reiten<\/span><\/u><u><\/u><\/p>\n<p class=\"MsoNormal\" style=\"margin: 0cm; font-size: medium; font-family: Calibri, sans-serif; caret-color: #000000; color: #000000;\"><span style=\"font-family: Roboto;\">Durch die Unterst\u00fctzung der Stiftung Schiefertafel konnten zwei Geschwisterkinder an heilp\u00e4dagogischen Therapeutischen Reiten teilnehmen. Die Geschwister erlitten einen sehr harten Schicksalsschlag und konnte das Reiten aus eigenen Mitteln nicht mehr stemmen. Hier sprangen wir sehr gerne ein und halfen den Kindern wieder ein wenig auf die Beine.<\/span><\/p>\n<p class=\"MsoNormal\" style=\"margin: 0cm; font-size: medium; font-family: Calibri, sans-serif; caret-color: #000000; color: #000000;\"><u><span style=\"font-family: Roboto;\">Ukrainehilfe<\/span><\/u><u><\/u><\/p>\n<p class=\"MsoNormal\" style=\"margin: 0cm; font-size: medium; font-family: Calibri, sans-serif; caret-color: #000000; color: #000000;\"><span style=\"font-family: Roboto;\">Vor der aktuellen humanit\u00e4ren Katastrophe in der Ukraine k\u00f6nnen auch wir unsere Augen nicht verschlie\u00dfen: Daher unterst\u00fctzen wir gerne Projekte und Aktionen, welche der Hilfe der Menschen in der Ukraine bzw. der Gefl\u00fcchteten zu Gute kommen. Gerade auch dort sind es meist wieder die Kinder, welche das gr\u00f6\u00dfte Leid erfahren m\u00fcssen. Bereits realisiert ist dabei die Unterst\u00fctzung der Ukrainehilfe der Stadt Weiterstadt. Gerne unterst\u00fctzen wir weitere Projekte rund um die Gefl\u00fcchteten aus der Ukraine.<\/span><\/p>\n<p class=\"MsoNormal\" style=\"margin: 0cm; font-size: medium; font-family: Calibri, sans-serif; caret-color: #000000; color: #000000;\"><b><span style=\"font-family: Roboto;\">&nbsp;<\/span><\/b><\/p>\n<p class=\"MsoNormal\" style=\"margin: 0cm; font-size: medium; font-family: Calibri, sans-serif; caret-color: #000000; color: #000000;\"><b><span style=\"font-family: Roboto;\">Projekte im Jahr 2021<\/span><\/b><\/p>\n<p class=\"MsoNormal\" style=\"margin: 0cm; font-size: medium; font-family: Calibri, sans-serif; caret-color: #000000; color: #000000;\"><span style=\"font-family: Roboto;\">Unterst\u00fctzung einer Hockey-Abteilung&nbsp;<\/span><\/p>\n<p class=\"MsoNormal\" style=\"margin: 0cm; font-size: medium; font-family: Calibri, sans-serif; caret-color: #000000; color: #000000;\"><span style=\"font-family: Roboto;\">Die Hockeyabteilung des Darmst\u00e4dter Sportvereins hat eine finanzielle Zuwendung erhalten. Diese Zuwendung kommt dem Kindertraining der Abteilung zu Gute.<\/span><\/p>\n<p class=\"MsoNormal\" style=\"margin: 0cm; font-size: medium; font-family: Calibri, sans-serif; caret-color: #000000; color: #000000;\"><span style=\"font-family: Roboto;\">Sportf\u00f6rderung f\u00fcr einen Jungen an der Sportgemeinde Weiterstadt<\/span><\/p>\n<p class=\"MsoNormal\" style=\"margin: 0cm; font-size: medium; font-family: Calibri, sans-serif; caret-color: #000000; color: #000000;\"><span style=\"font-family: Roboto;\">Die Stiftung \u00fcbernimmt f\u00fcr ein Jahr den Mitgliedsbeitrag f\u00fcr die Sportgemeinde Weiterstadt e.V.&nbsp;f\u00fcr einen kleinen Jungen.<\/span><\/p>\n<p class=\"MsoNormal\" style=\"margin: 0cm; font-size: medium; font-family: Calibri, sans-serif; caret-color: #000000; color: #000000;\"><span style=\"font-family: Roboto;\">Unterst\u00fctzung &#8218;Schutzengelwerk e.V.&#8216;<\/span><\/p>\n<p class=\"MsoNormal\" style=\"margin: 0cm; font-size: medium; font-family: Calibri, sans-serif; caret-color: #000000; color: #000000;\"><span style=\"font-family: Roboto;\">Der gemeinn\u00fctzige Verein Schutzengelwerk aus Berlin k\u00fcmmert sich in erster Linie um junge Menschen, welche unter sozial benachteiligten Lebensumst\u00e4nden aufwachsen. Da dieser Leitgedanke auch dem Stiftungszweck unserer Stiftung entspricht, wurde einer Anfrage hier sofort nachgegangen und ein neues Projekt zur Hausaufgabenbetreuung finanziell unterst\u00fctzt.<\/span><\/p>\n<p class=\"MsoNormal\" style=\"margin: 0cm; font-size: medium; font-family: Calibri, sans-serif; caret-color: #000000; color: #000000;\"><span style=\"font-family: Roboto;\">Musikinstrumente f\u00fcr die Astrid-Lindgren-Schule in Weiterstadt\/Braunshardt<\/span><\/p>\n<p class=\"MsoNormal\" style=\"margin: 0cm; font-size: medium; font-family: Calibri, sans-serif; caret-color: #000000; color: #000000;\"><span style=\"font-family: Roboto;\">Die Astrid-Lindgren-Grundschule in Weiterstadt wurde bereits mehrfach von uns finanziell unterst\u00fctzt. So konnte auch der Anfrage nach einer Unterst\u00fctzung bei der Anschaffung von zwei Musikinstrumenten sehr gerne stattgegeben werden.<\/span><\/p>\n<p class=\"MsoNormal\" style=\"margin: 0cm; font-size: medium; font-family: Calibri, sans-serif; caret-color: #000000; color: #000000;\"><span style=\"font-family: Roboto;\">Konzentrationskurse u.a. f\u00fcr die Schillerschule in Griesheim<\/span><\/p>\n<p class=\"MsoNormal\" style=\"margin: 0cm; font-size: medium; font-family: Calibri, sans-serif; caret-color: #000000; color: #000000;\"><span style=\"font-family: Roboto;\">Auch die Schillerschule in Griesheim wurde in 2021 von uns finanziell unterst\u00fctzt. Unsere Unterst\u00fctzung wurde dabei in Konzentrationskursen und Sprachf\u00f6rderung sowie bei Unterst\u00fctzungskursen f\u00fcr lese- und rechenschwache Kinder erfolgreich eingesetzt.<\/span><\/p>\n<p class=\"MsoNormal\" style=\"margin: 0cm; font-size: medium; font-family: Calibri, sans-serif; caret-color: #000000; color: #000000;\"><span style=\"font-family: Roboto;\">&nbsp;<\/span><\/p>\n<p class=\"MsoNormal\" style=\"margin: 0cm; font-size: medium; font-family: Calibri, sans-serif; caret-color: #000000; color: #000000;\"><b><span style=\"font-family: Roboto;\">Projekte im Jahr 2020<\/span><\/b><\/p>\n<p class=\"MsoNormal\" style=\"margin: 0cm; font-size: medium; font-family: Calibri, sans-serif; caret-color: #000000; color: #000000;\"><span style=\"font-family: Roboto;\">Streicherklasse an der Grundschule in W\u00f6lfersheim auch in 2020<\/span><\/p>\n<p class=\"MsoNormal\" style=\"margin: 0cm; font-size: medium; font-family: Calibri, sans-serif; caret-color: #000000; color: #000000;\"><span style=\"font-family: Roboto;\">Die bereits mehrfach unterst\u00fctzte&nbsp;Streicher-AG der Grundschule in W\u00f6lfersheim hat&nbsp;auch in 2020 wieder eine Unterst\u00fctzung erhalten.<\/span><\/p>\n<p class=\"MsoNormal\" style=\"margin: 0cm; font-size: medium; font-family: Calibri, sans-serif; caret-color: #000000; color: #000000;\"><span style=\"font-family: Roboto;\">Sprachf\u00f6rderung an der Schillerschule in Griesheim auch in 2020<\/span><\/p>\n<p class=\"MsoNormal\" style=\"margin: 0cm; font-size: medium; font-family: Calibri, sans-serif; caret-color: #000000; color: #000000;\"><span style=\"font-family: Roboto;\">Die Schillerschule in Griesheim wurde auch in 2020&nbsp;bei der Finanzierung einer Betreuungskraft f\u00fcr Deutsch als Zweitsprache unterst\u00fctzt.<\/span><\/p>\n<p class=\"MsoNormal\" style=\"margin: 0cm; font-size: medium; font-family: Calibri, sans-serif; caret-color: #000000; color: #000000;\"><span style=\"font-family: Roboto;\">Unterst\u00fctzung der Stiftung &#8218;Jumpers &#8211; Jugend mit Perspektive e.V.&#8216;<\/span><\/p>\n<p class=\"MsoNormal\" style=\"margin: 0cm; font-size: medium; font-family: Calibri, sans-serif; caret-color: #000000; color: #000000;\"><span style=\"font-family: Roboto;\">Kinder, Jugendliche und Familien erhalten durch die Stiftung Unterst\u00fctzung darin, ihre eigenen Rahmenbedingungen in einer Weise zu verbessern, dass die finanzielle und\/oder emotionale Armut deutlich abnehmen kann. Chancengleichheit und Wertsch\u00e4tzung wird hier deutlich GROSS geschrieben. Die Stiftung Schiefertafel unterst\u00fctzte die Jumpers mit einer finanziellen Zuwendung.<\/span><\/p>\n<p class=\"MsoNormal\" style=\"margin: 0cm; font-size: medium; font-family: Calibri, sans-serif; caret-color: #000000; color: #000000;\"><span style=\"font-family: Roboto;\">Unterst\u00fctzung der Stiftung &#8218;an-Nusrat e.V.&#8216;<\/span><\/p>\n<p class=\"MsoNormal\" style=\"margin: 0cm; font-size: medium; font-family: Calibri, sans-serif; caret-color: #000000; color: #000000;\"><span style=\"font-family: Roboto;\">VIELFALT ist der Stiftung Schiefertafel stets sehr wichtig. Daher wurde auch die Stiftung &#8218;an-Nusrat e.V.&#8216; von der Schiefertafel mit einer finanziellen Zuwendung unterst\u00fctzt. Die Stiftung ist im Bereich der Jugendhilfe t\u00e4tig, betreibt Nachhilfe- und Beratungszentren.<\/span><\/p>\n<p class=\"MsoNormal\" style=\"margin: 0cm; font-size: medium; font-family: Calibri, sans-serif; caret-color: #000000; color: #000000;\"><span style=\"font-family: Roboto;\">Unterst\u00fctzung der Kinderhilfsorganisation &#8218;Mary\u00b4s Meals e.V.&#8216;<\/span><\/p>\n<p class=\"MsoNormal\" style=\"margin: 0cm; font-size: medium; font-family: Calibri, sans-serif; caret-color: #000000; color: #000000;\"><span style=\"font-family: Roboto;\">Die international erfolgreich t\u00e4tige Organisation wurde von der Schiefertafel mit einer finanziellen Zuwendung unterst\u00fctzt. Diese Organisation setzt sich daf\u00fcr ein, dass dauerhaft hungrige Kinder an jedem Schultag eine warme Mahlzeit erhalten. 2014 wurde diese Organisation schon einmal von uns unterst\u00fctzt.<\/span><\/p>\n<p class=\"MsoNormal\" style=\"margin: 0cm; font-size: medium; font-family: Calibri, sans-serif; caret-color: #000000; color: #000000;\"><span style=\"font-family: Roboto;\">Praktikantin f\u00fcr die Astrid-Lindgren-Schule<\/span><\/p>\n<p class=\"MsoNormal\" style=\"margin: 0cm; font-size: medium; font-family: Calibri, sans-serif; caret-color: #000000; color: #000000;\"><span style=\"font-family: Roboto;\">Aufgrund der finanziellen Unterst\u00fctzung durch unsere Stiftung gelang es der Astrid-Lindgren-Grundschule in Weiterstadt eine Praktikantin zur Unterst\u00fctzung in der 1. Klasse einstellen zu k\u00f6nnen.<\/span><\/p>\n<p class=\"MsoNormal\" style=\"margin: 0cm; font-size: medium; font-family: Calibri, sans-serif; caret-color: #000000; color: #000000;\"><i><span style=\"font-family: Roboto;\">Leider haben auch wir die aktuelle Corona-Pandemie zu sp\u00fcren bekommen &#8211; aufgrund der Homeschooling-Situation wird deutlich weniger Unterst\u00fctzung angefragt und es finden auch deutlich weniger der so wichtigen Projekte und Aktionen in den Schulen und anderen Einrichtungen statt.<\/span><\/i><\/p>\n<p class=\"MsoNormal\" style=\"margin: 0cm; font-size: medium; font-family: Calibri, sans-serif; caret-color: #000000; color: #000000;\"><i><span style=\"font-family: Roboto;\">Wir hoffen, dass sich diese Situation sehr bald zum Wohle f\u00fcr alle Kinder wieder \u00e4ndern wird.<\/span><\/i><\/p>\n<p class=\"MsoNormal\" style=\"margin: 0cm; font-size: medium; font-family: Calibri, sans-serif; caret-color: #000000; color: #000000;\"><span style=\"font-family: Roboto; color: #7a7a7a;\">&nbsp;<\/span><\/p>\t\t\t\t\t\t<\/div>\n\t\t\t\t<\/div>\n\t\t\t\t\t<\/div>\n\t\t<\/div>\n\t\t\t\t\t\t\t<\/div>\n\t\t<\/section>\n\t\t\t\t\t\t\t<\/div>\n\t\t","protected":false},"excerpt":{"rendered":"<p>Projekte im Jahr 2022 Weiterbildung zum \u00dcbungsleiter&nbsp; Achtsamkeits- und Kinderyogakurse sind in aller Munde und erfahren zur Zeit eine gro\u00dfe Beliebtheit. Auch wir konnten nun einer Anfrage nachgehen und dem SV Blau-Wei\u00df Empor Wanzleben durch finanzielle Unterst\u00fctzung die Einrichtung solcher Kurse erm\u00f6glichen. So konnte durch unseren Beitrag die Aus- und Weiterbildung der \u00dcbungsleiter \u00fcbernommen sowie [&hellip;]<\/p>\n","protected":false},"author":1,"featured_media":0,"parent":0,"menu_order":0,"comment_status":"closed","ping_status":"closed","template":"","meta":{"footnotes":""},"_links":{"self":[{"href":"http:\/\/stiftung-schiefertafel.de\/index.php?rest_route=\/wp\/v2\/pages\/162"}],"collection":[{"href":"http:\/\/stiftung-schiefertafel.de\/index.php?rest_route=\/wp\/v2\/pages"}],"about":[{"href":"http:\/\/stiftung-schiefertafel.de\/index.php?rest_route=\/wp\/v2\/types\/page"}],"author":[{"embeddable":true,"href":"http:\/\/stiftung-schiefertafel.de\/index.php?rest_route=\/wp\/v2\/users\/1"}],"replies":[{"embeddable":true,"href":"http:\/\/stiftung-schiefertafel.de\/index.php?rest_route=%2Fwp%2Fv2%2Fcomments&post=162"}],"version-history":[{"count":75,"href":"http:\/\/stiftung-schiefertafel.de\/index.php?rest_route=\/wp\/v2\/pages\/162\/revisions"}],"predecessor-version":[{"id":804,"href":"http:\/\/stiftung-schiefertafel.de\/index.php?rest_route=\/wp\/v2\/pages\/162\/revisions\/804"}],"wp:attachment":[{"href":"http:\/\/stiftung-schiefertafel.de\/index.php?rest_route=%2Fwp%2Fv2%2Fmedia&parent=162"}],"curies":[{"name":"wp","href":"https:\/\/api.w.org\/{rel}","templated":true}]}}